 - 0*k. What are the prime factors of k?
11
Let a(d) = -3*d - 3. Let p be a(-5). Suppose 4*m - 4*z = -0*m - p, 3*z = 9. Suppose 3*l = c + 51, -l + 0*l - 2*c + 24 = m. List the prime factors of l.
2, 3
Suppose 0 = 5*d + 6 - 16. Suppose 4*c + 32 = 2*a, -d*c - 11 = -1. Suppose -a*j + j = -35. What are the prime factors of j?
7
Let u = -49 + 100. What are the prime factors of u?
3, 17
Suppose -50 = -5*p + 75. What are the prime factors of p?
5
Let d(p) be the first derivative of -1/4*p**4 - 1 - 4*p + 2*p**3 - 2*p**2. What are the prime factors of d(4)?
2, 3
Let t = -10 + 20. Let i = 16 - t. Let w(j) = -j + 9. What are the prime factors of w(i)?
3
Let s(g) = 0 + 2*g - 2*g - 3*g - 17. List the prime factors of s(-14).
5
Let y(q) be the third derivative of q**6/120 + 13*q**3/2 - 6*q**2. What are the prime factors of y(0)?
3, 13
Let t(m) = -4*m**2 + 4*m**2 + 2 - m**2. Let v be t(0). Let h = v - 0. List the prime factors of h.
2
Let t = -112 + 225. What are the prime factors of t?
113
Let d(z) = z**2 - 2*z - 4. Let i be 1*(-2 + (29 - 2)). Suppose 2*r + 4*c + c = i, r = 3*c - 4. What are the prime factors of d(r)?
11
Let q(i) = -3 - i**2 + 2 + 3 + 2*i**2. Let k be q(2). Suppose 0 = k*x - 2*x - 48. What are the prime factors of x?
2, 3
List the prime factors of (-1 - 2)*1 + 1 - -63.
61
Suppose 5*r - 3*t - 3 = 0, -t + 0*t = -5*r + 1. Suppose 0 = -r*w - 5*w. What are the prime factors of 8 - (w - (-1 + 2))?
3
Let p(q) be the second derivative of 0 - 1/2*q**3 - 3*q - 3/2*q**2. What are the prime factors of p(-5)?
2, 3
Let q be (-3 + 6)*38/(-6). Let t = q + 31. What are the prime factors of t?
2, 3
Let r(i) = 1 + i + 3*i**3 - 4*i**2 - 2*i**3 + 1. Let b be r(3). List the prime factors of ((-7)/b)/(2/8).
7
Suppose -2*d = 3*q - 177, 3*q - 5*d = 154 + 23. Let y = q + -41. What are the prime factors of y?
2, 3
Suppose -35 = 5*q + z, -2*q - 8 + 1 = -z. What are the prime factors of (q - -9) + 21 + -1?
23
Suppose y + 3 = -2*y. Let n = y - -5. List the prime factors of n.
2
Let x be 36/10 + (-6)/(-15). Suppose -h - 16 = -3*h. Let d = x + h. List the prime factors of d.
2, 3
Let w(s) be the first derivative of s**2 - 11*s - 8. What are the prime factors of w(9)?
7
Let k(q) = q**3 - 7*q**2 - 3*q - 3. Let l be k(6). Let x = 84 + l. Suppose -7*i + 2*i - x = -3*z, 0 = 4*i + 12. List the prime factors of z.
2
List the prime factors of -2*(6/3 - 22).
2, 5
Suppose 3*v + 56 = b, -4*v + 154 = 4*b - 2*v. What are the prime factors of b?
41
Suppose 1395 = -29*j + 34*j. List the prime factors of j.
3, 31
Suppose 2*u - 76 - 626 = 2*p, 4*u + 4*p = 1404. List the prime factors of u.
3, 13
Let p(d) = -d**3 + 4*d**2 + 6*d + 1. Let m be p(5). List the prime factors of (-3)/2*(-28)/m.
7
Let p be 88/(-8)*(-1 - 0). Suppose 6*t = 7*t - p. List the prime factors of t.
11
Suppose -2*h = 5 - 17. What are the prime factors of h?
2, 3
Let q = -9 + 12. Suppose -2*c - 2*i = -44, 0 = -4*c + q*i - 5*i + 82. What are the prime factors of c?
19
Suppose 3*g = 6*g - 6. Suppose -3 = -g*l + 35. List the prime factors of l.
19
Suppose 74 - 203 = -3*k. List the prime factors of k.
43
Suppose n = -0*n. Let z be 0/(-2 - 3*-1). Suppose n = -z*b + b - 9. List the prime factors of b.
3
Let n(d) be the second derivative of -d + 0 + 0*d**2 - 5/6*d**3 + 7/12*d**4 - 1/20*d**5. List the prime factors of n(6).
2, 3
Let a = 24 - 9. What are the prime factors of a?
3, 5
Let f be 76/16 - 1/(-4). Suppose -a = -f*a + 8. Suppose -2*u = -6 + a. What are the prime factors of u?
2
Suppose 4*c - 156 = -0*c. Suppose 3*p - c = -3. List the prime factors of p.
2, 3
Let h be (-3)/6*2*0. Suppose -5*i + 5*g = -165, -3*i + g - 2*g + 103 = h. List the prime factors of i.
2, 17
Let b(g) = -g + 5. Let i be b(0). Suppose i*x = 66 + 9. List the prime factors of x.
3, 5
What are the prime factors of (-20)/70 - (-536)/14?
2, 19
Let q(r) = r + 10. What are the prime factors of q(10)?
2, 5
Let j = 215 + -65. What are the prime factors of j?
2, 3, 5
Suppose -22 - 14 = -f + 3*y, 4*y = -20. Suppose 5*d + 15 = 0, 0*i - 3*d + f = -5*i. Let p(s) = -2*s - 4. What are the prime factors of p(i)?
2
Let j = -1 + -4. Let k = j - -43. List the prime factors of k.
2, 19
Let n = -42 - -45. What are the prime factors of n?
3
Let n = 137 - 75. What are the prime factors of n?
2, 31
Let c = -19 - -27. Suppose -d = -2*d + c. What are the prime factors of d?
2
Let n(w) = 4*w**2 + 2*w + 3. Let c be n(-3). Suppose 2*l - 5 = -c. Let j = 23 + l. What are the prime factors of j?
3
Let n = -9 + 28. What are the prime factors of n?
19
Let j(r) = r + 25. What are the prime factors of j(14)?
3, 13
Suppose 0 = b + 3*j - 4 - 7, -4*b - 5*j = -58. What are the prime factors of b?
17
Let u = -59 + 100. List the prime factors of u.
41
Let n(r) = -r**2 + 3*r. Let w be n(3). Suppose w = -l - 0 + 5. List the prime factors of l.
5
Let x be 4/(-5)*1140/24. What are the prime factors of x/(-3)*12/8?
19
Let f = 11 + -9. Let o(m) = 2*m**2 - 2*m + 2. What are the prime factors of o(f)?
2, 3
Suppose 0 = 11*l - 699 - 467. What are the prime factors of l?
2, 53
Suppose 0*u + 32 = 2*u. Let z = u + -12. What are the prime factors of z?
2
Let p = -3 - 2. Let i = p + 10. What are the prime factors of i?
5
Let l(s) = s**2 + 7*s + 6. Let a be l(-6). Let z(v) = a*v + 6 - 5*v + 2*v**2 - v. List the prime factors of z(4).
2, 7
Let z(j) = -j**3 + 16*j**2 - 27*j + 5. List the prime factors of z(13).
7, 23
Suppose -4 - 10 = -o. Let p = 23 - o. List the prime factors of p.
3
Let n(w) = 6*w - 9. Let b be n(6). Suppose -3*q + 6*q = -b. List the prime factors of (-101)/q + (-10)/45.
11
Suppose 0 = -2*o + 4*y + 12, -3*o + 4*y + 19 = -y. Let z(j) = 2*j - 7. What are the prime factors of z(o)?
3
Let k(w) = 2*w + 5. Let q be (2/6)/(2/24). List the prime factors of k(q).
13
Suppose -4*h + 12 = 2*o - 20, o = 2*h - 20. Let f(c) = -c**3 + 5*c**2 - 1. Let n be f(2). Suppose -2*g + n = -h. List the prime factors of g.
2, 5
Let u = -4 + 4. Suppose u = g - 6 + 4. Suppose n - g = 3. List the prime factors of n.
5
Let y = -20 - -31. What are the prime factors of y?
11
Let g(u) = -u**2 - 2*u + 4. Let x be g(-3). List the prime factors of (-2 - x)/(3/(-15)).
3, 5
Let v(z) = 2*z + 3 - 3*z + 5. Let i(l) = l**2 - 5*l - 1. Let c be i(6). List the prime factors of v(c).
3
Let r(y) = -y. Suppose -3 = -4*d + 5*p + 20, 0 = -5*d - 4*p - 2. Let i be -4 + (2 - d - 2). What are the prime factors of r(i)?
2, 3
Let i = 0 - -2. Suppose -3*a = 5*l - 14, 2*a = -l + 2*l + 5. What are the prime factors of (3/l - i) + 6?
7
Let b = -8 + 10. Suppose -40 = -3*f - b*f. What are the prime factors of f?
2
Let v be (-2)/((-2)/(-4)*-1). Suppose 0 = -4*r - r + p + 53, -2*r - v*p = -30. List the prime factors of r.
11
Let n(d) = -8*d + 2. Let v be (-22)/7 + (-2)/(-14). List the prime factors of n(v).
2, 13
Suppose 0*q - 2*f + 91 = 3*q, -71 = -3*q + 2*f. Let c = q + -12. What are the prime factors of c?
3, 5
Let y = -63 + 118. Let p = y + -3. What are the prime factors of p?
2, 13
Let u(d) = -2*d - 8. Let l be u(-10). Suppose 4*h - l = -0*h. What are the prime factors of h?
3
Suppose 2 - 5 = -3*t. Let w(q) be the third derivative of 7*q**5/60 + q**4/12 - q**3/6 + 2*q**2. What are the prime factors of w(t)?
2
Suppose -4*l + 15 = -q, -3*l + 19 = 2*l - q. Let w be -1*(-2)/l*-26. List the prime factors of (w - (-3 + 1))*-1.
11
Let x(d) = 2*d**2 + 8*d - 9. What are the prime factors of x(7)?
5, 29
Let g(c) = c**3 - 6*c**2 + c + 1. Let i = 11 - 5. List the prime factors of g(i).
7
Suppose 0 = 5*t - 26 - 24. Suppose -t = -4*q + 78. What are the prime factors of q?
2, 11
Suppose 4*q + 145 = -3*l - 98, -3*q + 3*l - 198 = 0. Let d be 7*9*(-12)/q. List the prime factors of ((-45)/d)/((-9)/24).
2, 5
Let o(g) = 5*g - 6. Let d be o(4). Suppose 4*l - 6 = d. List the prime factors of l.
5
Let k(n) = -n**3 + 5*n**2 + 6*n + 5. Let r be k(6). Suppose -2*v - 5 - 3 = -r*h, 4*v - 6 = -h. What are the prime factors of h?
2
Let v be 3/(-3)*(-5)/1. Suppose 12 = v*m - 18. List the prime factors of m.
2, 3
Suppose 9 = 3*d - 0*d. Suppose u = -d*u + 132. Let l = u + -23. List the prime factors of l.
2, 5
Suppose -5*c = w - 108, -3*c - 4*w - 6 = -64. Let k = -13 + c. List the prime factors of k.
3
Suppose 2*o + 2*w = 0, -2*o + 3*w = -o - 4. Let d be (-10)/(o*(-1)/2). Suppos